 4. Let a be ((-21)/(-14))/(2/(-12)). Let s be l(a). Suppose 25 = s*j + j. What is the units digit of j?
5
Suppose -5*y - 188803 = -19*y + 48413. What is the thousands digit of y?
6
Let s(a) = a**2 + 18*a - 61. Let l be s(13). Let n = 1702 - l. What is the thousands digit of n?
1
Let n be -2*(-1458)/(-72)*(-2)/3. Suppose -57*o = -n*o - 14550. What is the units digit of o?
5
Let o = -26012 + 38858. What is the ten thousands digit of o?
1
Let p be -1*36/(-30) + 8/10. Suppose h - 4*z - 486 = 0, p*z + 223 = h - 253. What is the tens digit of h?
6
Let q be 1 + (0/1 - (-2364)/12). Let b = -111 + q. What is the tens digit of b?
8
Let f(g) = -2*g**3 - 3*g**2 + 25*g + 5. Let y be f(-8). Let n = y - -117. What is the units digit of n?
4
Let v(a) = 9503*a**3 + 5*a**2 - 63*a + 134. What is the thousands digit of v(2)?
6
Let s(j) = 10*j**2 - 89*j + 13. Let v be s(10). Suppose -v*d - 18072 = -132*d. What is the thousands digit of d?
2
Suppose 15 = 3*s, s - 12 = -5*o + 8. Suppose -4*f + 4153 = 3*n, 0 = -o*f + 8*n - 5*n + 3120. What is the hundreds digit of f?
0
Suppose -2*z - 4*a - 24 = 0, 1 = 2*z + a + 22. What is the hundreds digit of 8/z*13950/(-36)?
3
Let i = -5 - -20. Let t be 441/(-3)*(-5)/i. Suppose 24 = g - t. What is the units digit of g?
3
Suppose -3190 = -l + 12*l. Let i = l + 406. What is the units digit of i?
6
Let j be (-6 - -3) + -1 - -7. Suppose j*t = 2*d - 153 - 125, 0 = d + 4*t - 128. Suppose 0 = 4*y - 5*m - 557 - d, -3*m = 15. What is the hundreds digit of y?
1
Let w(i) = i**3 - 19*i**2 + 5*i + 13. Let k be (-15)/(-6)*16/(-20). Let u be 935/51 - k/3. What is the tens digit of w(u)?
0
Suppose 5*n - 44 = 96. Let x be ((-39)/(-2))/(1/(-2)). Let s = n - x. What is the units digit of s?
7
Let y = 28605 - 13844. What is the tens digit of y?
6
Let j(p) = -18 - 7*p + 4*p + 2*p + 32*p. What is the tens digit of j(11)?
2
What is the tens digit of 157 - (7 - 13 - -4)?
5
Let h be (-7)/((-28)/(-48))*1/(-3). Suppose -5*a - 1600 = -h*n - 0*a, 0 = -3*n - 2*a + 1200. What is the tens digit of n?
0
Suppose 4*r + 7 = h, 0*h = 5*h + 25. What is the units digit of 135*12/(-54)*r?
0
Suppose -w = -4*h - 33059, -9*w = -5*h - 258300 - 39355. What is the units digit of w?
5
What is the tens digit of 3/(-2)*(153544272/126)/(-68)?
8
Suppose 2546*m = 2575*m - 897811. What is the thousands digit of m?
0
Let g be (-147056)/(-140) - (-4)/(-10). Suppose -3*d + g = c, -d - 5*c - 1068 = -4*d. What is the hundreds digit of d?
3
Let b = 11575 - 7688. What is the hundreds digit of b?
8
Suppose -2*z - 2*t = -436, 0 = 26*z - 23*z + 4*t - 654. Suppose 2*c - 13 = -5. Suppose 0 = -c*n + y + z, -n + 5*y + 50 = -14. What is the tens digit of n?
5
Let j(v) be the first derivative of 15*v**2 - 208*v + 67. What is the hundreds digit of j(16)?
2
Let b(q) = -5*q - 29. Let m be b(-8). Suppose m*k = 1177 - 330. What is the tens digit of k?
7
Let k = -27143 + 27705. What is the tens digit of k?
6
Let x = 11 + -8. Suppose -5*o = -4*o - 62. Suppose y - x*s - 14 = -2*s, -4*y + s + o = 0. What is the tens digit of y?
1
Suppose -4*b + 5*r = 2*r - 386, -4*r = -8. What is the hundreds digit of 876 - (b/(-7))/(-7)?
8
Suppose -3*w + 3*q = -89565, 14*w + 3*q = 10*w + 119399. What is the tens digit of w?
5
Suppose 26*v - 19*v = 27076. What is the tens digit of v?
6
Suppose 125 = -3*o + 158. Suppose -6*s = -o*s + 315. What is the units digit of s?
3
Suppose 2*l = -5*y + 35119, 230*y - 227*y = -15. What is the ten thousands digit of l?
1
Let k = 898 + -236. Let p = k + -370. What is the units digit of p?
2
Let c = -1347 - -10786. What is the units digit of c?
9
Let g be 157/2 - (-2)/(-4). Let o = 329 - 292. Let q = o + g. What is the hundreds digit of q?
1
Let s(l) = 3*l + 32. Let q be s(-5). Suppose 7 = 8*g - q. Suppose -g*t + 267 = -0*t. What is the units digit of t?
9
Let l = 91562 - 58507. What is the units digit of l?
5
Let v(n) = -n**2 - n + 10. Let u be v(-3). Let j(a) = 6*a**3 - a**2 - 3*a + 5. What is the tens digit of j(u)?
6
Let m(y) = -2*y - 66. Let b be m(-35). Suppose b*r = -5*l + 63, 0 = 38*r - 37*r + 3. What is the units digit of l?
5
What is the hundreds digit of ((-6)/(-5))/((-1522540)/(-60900) - 25)*1?
8
Let i(x) = -69*x - 111. Let d be i(-7). What is the hundreds digit of d/(-3 + (-45)/(-10))?
2
Suppose 5*v = v - 3*w + 2365, -2*v = -3*w - 1169. Let x = 1042 - v. What is the tens digit of x?
5
Suppose -21 = -2*g + 1. Let q(v) = -v**3 + 15*v**2 + 7*v - 12. Let n be q(g). Suppose 4*a + 57 - n = 0. What is the hundreds digit of a?
1
Let w = 70233 - 42410. What is the units digit of w?
3
Let k be (-2)/6 + 8*1/6. Let x be 3 - ((k + 72)*1 - 1). Let y = -56 - x. What is the tens digit of y?
1
Let z(o) = o**2 + o + 2. Let u(s) = 8*s**2 + 4*s + 183. Let b(a) = u(a) - 6*z(a). What is the hundreds digit of b(0)?
1
Suppose 4*y - 7*f - 8 = -9*f, 0 = 4*f. Suppose m + y = 0, 5213 = 5*c - 2*m - 3526. What is the units digit of c?
7
Let b be 16/(-104) + (-192)/39*-89. Suppose 0 = v + 5*q - 66, -5*v = -5*q + 3*q - b. What is the units digit of v?
6
Let d = 11857 - 4946. What is the units digit of d?
1
Suppose 0*k - 1176 = -7*k. Suppose 0 = -4*d - 4*c - k, -5*d + 2*c + 47 - 257 = 0. What is the units digit of (-18)/d + (-921)/(-7)?
2
Let m(p) = 0*p**2 + 6 - 37*p + p**2 + 5*p**2 - p**2. What is the hundreds digit of m(-5)?
3
Let q be (-4)/(-26) - (-1)/13*-2. What is the units digit of 510/(-204)*(q + 824/(-5))?
2
What is the hundreds digit of 1563 - (8 - (9 + -3))?
5
Let t = 290 - -974. Let a = t - 757. What is the units digit of a?
7
Let z(g) = -22*g + 7. Let v(m) = -m**3 - 3*m**2 + 1. Let n be v(-2). Let c be n/2*(-16)/(-6). What is the tens digit of z(c)?
9
Suppose 0 = -12*b + 16*b - 436. Let c = 238 - b. What is the tens digit of c?
2
What is the thousands digit of 21845 - 1/1 - 0/(-191)?
1
Let j = 466 + -307. Suppose 5*h - j = 861. Suppose 3*l - 210 = h. What is the hundreds digit of l?
1
Let h(g) be the second derivative of -g**4 + 7/2*g**2 + 0 - 13*g + 1/2*g**3 + 1/10*g**5. What is the units digit of h(6)?
5
Let k = 6670 + -2946. Suppose 3*z - 1744 = -4*g, g + k - 825 = 5*z. What is the tens digit of z?
8
Suppose 12 = -49*g + 55*g. What is the units digit of (566*(-5)/10)/(1 - g)?
3
Let h(s) = 77*s**2 - 363*s - 16. What is the thousands digit of h(10)?
4
Let q(z) = -487*z - 4581. What is the units digit of q(-23)?
0
Let y = 106063 - 73518. What is the hundreds digit of y?
5
Suppose 0 = 2*h + 8*d - 4*d, 4*h + 5*d - 3 = 0. Suppose -3 = -u - s, -h*u - 2*s = -4*u + 6. What is the units digit of u?
3
Let g(n) = n**3 + 3*n**2 - 6*n + 2. Let j be g(2). Suppose -3*w - 508 = -2*s - 3234, 2*s = j. What is the tens digit of w?
1
Let n be 27/36 - (-42)/8. Suppose -16*z + n = -13*z. Suppose 3*q = -q - 5*b + 68, 2*q + z*b = 36. What is the units digit of q?
2
Let i(o) = 19*o**2 + 74*o + 791. What is the tens digit of i(-67)?
2
Suppose -8*t + 52 = 5*t. Suppose 7*k - 8*k + t = 0. What is the units digit of (-5 - -86)*(-2)/k*-2?
1
Let y(a) = a**2 - 11*a + 25. Let t be y(15). What is the tens digit of 7/(21/18)*t?
1
Let a(u) be the third derivative of u**6/60 + u**5/10 + 7*u**4/24 + 3*u**3/2 + 23*u**2. Let x be a(-4). Let k = 93 + x. What is the units digit of k?
2
Suppose -4*g + 804 = -320. What is the tens digit of g*1 - ((1 - -5) + -4)?
7
Let o(c) = -337*c + 10706. What is the tens digit of o(-108)?
0
Suppose -25*o + 329 - 129 = 0. Let z(s) = 18*s**2 + 9*s + 3. What is the tens digit of z(o)?
2
Let c = -244 + 443. Let y = 248 - c. What is the tens digit of y?
4
Let u = -24741 - -30383. What is the hundreds digit of u?
6
What is the hundreds digit of 13260/30*332/8?
3
Let l(i) = -i**3 - i**2 + 4*i + 4. Let g be l(-1). Suppose g*p + 36 = -3*p. What is the units digit of (48/p)/((-1)/31)?
4
Suppose -2*c - 238 - 556 = 4*t, 2*t = 2. Let o = c - -568. What is the hundreds digit of o?
1
Let o(f) = -f**3 + 8*f**2 + f - 5. Let n be o(8). Suppose 4*v - 7 = 4*u - 111, n*v - 9 = 0. What is the tens digit of u?
2
Suppose -b + 6*b = 4*z + 11, z + 8 = 3*b. Let c be (-1 - (z - -1))/(-3). Let a(y) = 35*y - 2. What is the units digit of a(c)?
3
What is the tens digit of 328/574 - 819345/(-21)?
1
Let h = 3023 - 1862. What is the hundreds digit of h?
1
Suppose 6*c = -1410 - 1248. Let g = c + 910. Let h = -316 + g. What is the t